?
True
Suppose 0 = 2*s - 0*s - 4. Suppose 0 = -3*w + s*w + 379. Is w a composite number?
False
Let d(b) = 59*b**2 - 62*b + 28. Is d(15) composite?
False
Let m = -15 - -19. Suppose -4*g = -3*s + s + 514, 233 = s + m*g. Is s prime?
False
Is ((-1)/12 - (-17)/51)*344476 a composite number?
True
Suppose 2*a + 3*r = 308, 3*a + 0*a + 5*r - 464 = 0. Let g = a + -71. Suppose 3*y - 2*y = g. Is y a composite number?
True
Let j = 72717 - 9658. Is j prime?
True
Let d(o) = 30*o**2 - 63*o - 224. Is d(63) a composite number?
True
Let z(m) = 61*m**2 - 26*m + 4. Is z(5) prime?
True
Let f be 5/((-65)/(-132)) + 10/(-65). Is ((-10532)/16)/((f/8)/(-5)) a composite number?
False
Let c(b) = -141*b**3 - b**2 - b. Let x = 3 - 6. Let z be x/3*(0 + 1). Is c(z) prime?
False
Let g(l) = -118*l + 58. Let p be g(-17). Suppose -8*k + p = 808. Is k a prime number?
True
Let v(b) = 9*b**3 - 17*b**2 - 3*b - 13. Let w be 36/5 - 5/25. Let t(a) = 5*a**3 - 8*a**2 - 2*a - 7. Let j(p) = w*t(p) - 4*v(p). Is j(10) composite?
True
Let j = -53 - -124. Let q = j + -50. Is q a prime number?
False
Suppose 0 = 5*y - 4*h - 41339, 4*y - 41331 = -y - 4*h. Is y a composite number?
True
Suppose n - j = -0*j + 86, -3*n - 5*j = -290. Suppose 4*b = -3*h + 2047, 0 = 2*h - 2*b - 1478 + n. Is h composite?
True
Suppose -4*u + 3*p = -260709, 3*u - 5*p + 195568 = 6*u. Is u a prime number?
False
Let d be (4 + -3)/(2/14). Let u = d + 73. Suppose -652 + u = -4*q. Is q a prime number?
False
Suppose -5*s - 1 = -11. Suppose 0 = u - 4*f - 708, -f - s*f = 6. Suppose 666 = 3*m + 2*w + 139, 4*w - u = -4*m. Is m prime?
False
Let u(k) = 227*k - 419. Is u(36) a composite number?
False
Let n(h) = -72*h + 1. Suppose -4 = 3*l - 13. Let x be 0 + 6/(-9)*l. Is n(x) prime?
False
Let z(a) = 4*a + 44. Let p be z(-8). Let g(x) = 2*x**3 - 4*x**2 + 26*x + 13. Is g(p) a prime number?
False
Let c = 13120 + -8499. Is c a composite number?
False
Suppose -5*b - 2*g + 5128 = 0, 6*g - 2*g + 3056 = 3*b. Suppose b - 3539 = -5*o. Is o prime?
True
Suppose 1 - 9 = -4*d. Suppose 0 = -o + d*o - 7. Is o composite?
False
Is 22172/20 - (-10)/25 a prime number?
True
Let p = -106842 - -183371. Is p composite?
True
Let g = -11 - -7. Let x be 7/((-84)/1305)*g. Suppose x = z + 4*z. Is z a prime number?
False
Let i be ((101358/(-15))/3)/(4/(-10)). Suppose -1704 = -9*y + i. Is y a prime number?
False
Suppose -3*j = 0, -4*c + 2*c + 3*j = -4. Suppose 2*v = -4*f - 6, 7 = 3*v - c. Is 75 - -11 - f/(-1) composite?
False
Let v(f) = -f**3 - f**2 + 12*f + 1. Let y(l) = l**2 - 5*l - 22. Let j be y(7). Is v(j) a composite number?
False
Suppose -3*z + p = -13854, p + 23090 = 5*z + 2*p. Is z a prime number?
False
Let k be 2/(-3)*21/(-14). Is 5648/3 - k/(-3) a prime number?
False
Suppose -31 - 19 = 2*c. Let k be (105/c)/(4/(-20)). Suppose 0 = -18*n + k*n - 357. Is n prime?
False
Let o(u) = 14*u**2 - 11*u - 8. Suppose -20 = 3*g - 5*s, -g = -2*s - 2 + 9. Is o(g) a composite number?
False
Let x(r) = -13*r**2 - 37. Let m(s) = -26*s**2 - s - 75. Let i(t) = 2*m(t) - 5*x(t). Is i(-12) a composite number?
False
Let z(w) = -7758*w - 61. Is z(-1) composite?
True
Suppose 2*u - 13673 = -4*h + 7865, -u + 26918 = 5*h. Is h prime?
False
Let b(l) = -l**3 - 10*l**2 + 5*l - 5. Let u(h) = -5*h. Let g be u(2). Let n be b(g). Let c = n - -88. Is c prime?
False
Let a be 0 + 444 - (0 + 0). Let l = -1492 + 1495. Suppose 0 = u + l*u - a. Is u prime?
False
Suppose 1280*a = 1283*a - 45093. Is a a composite number?
False
Let t = -303 + 316. Let d(g) = 2*g + 2. Let h(y) = -1. Let j(w) = d(w) + 5*h(w). Is j(t) a composite number?
False
Let b(x) = x**3 - 5*x**2 + 7*x - 5. Let v = 11 + -15. Let q(i) = -i**2 - 5*i. Let u be q(v). Is b(u) prime?
True
Suppose -30 + 9 = -7*w. Suppose 5*a = w*a + 66. Is a composite?
True
Suppose 2*w - 6*w = -224. Let p(d) = -3*d - 9. Let r be p(8). Let x = r + w. Is x prime?
True
Suppose 34 + 82 = 4*b. Suppose 5*y + 3*p = 6*p + 125, 2*y - b = -3*p. Is y prime?
False
Let a = -15 - -17. Let r = 15 + -10. Suppose -a*w - 45 = -r*w. Is w composite?
True
Suppose -6*z - 5 = -7*z. Suppose -z*v - 15 = -4*l - 43, -l = -3*v + 14. Suppose v*b + 223 = 587. Is b a prime number?
False
Let c(u) = 227*u**2 + u + 1. Let p(h) = -h**3 + 4*h**2 - 2*h - 4. Let m be p(3). Let q be c(m). Suppose -297 - q = -4*g. Is g prime?
True
Let t = 27720 - 16123. Is t composite?
False
Let j(h) = h**2 + h - 3. Let b be j(-3). Let f be 1/(((-6)/364)/b). Let g = f - -309. Is g a composite number?
False
Let x(c) = 129*c - 296*c - 226*c + 22 - 140*c. Is x(-3) a prime number?
True
Let f = 29 - 21. Is 3/(6/f) + 49 prime?
True
Let m(y) be the first derivative of y**6/120 - y**5/10 + 5*y**4/24 + 5*y**3/6 + 6*y**2 + 5. Let h(q) be the second derivative of m(q). Is h(6) prime?
False
Let q = -3 - -5. Is (1 - -2 - 6) + 52/q composite?
False
Let m be ((-8)/(-24))/((-2)/(-5682)). Let f be 6/(-12) - m/(-2). Let h = f - 316. Is h composite?
False
Is -2 + (2 - (-59638)/((-6)/(-3))) prime?
True
Suppose 3*v = 5*n + 38, 0*v - 3*v + 6 = 3*n. Suppose -v*o + 2*o + 692 = 0. Suppose -4*k + 357 = -z, o = 5*k - z - 273. Is k a prime number?
True
Let g(w) = 2*w + 2. Let p be g(-4). Let s = 8 + p. Is ((-23)/s)/(5/(-10)) a composite number?
False
Suppose -36*z - 3644 = -40*z. Is z a composite number?
False
Is (-674232)/(-84) + 5 + 4/(-7) prime?
False
Let a(l) = 4*l**3 - 24*l**2 - 42*l - 29. Let n(b) = -3*b**3 + 16*b**2 + 28*b + 19. Let h(u) = 5*a(u) + 7*n(u). Is h(-11) prime?
False
Suppose 2*t + 15184 - 44134 = 0. Let j be t/10*(-4)/5. Let o = 1643 + j. Is o composite?
True
Suppose 27*c - 64400 = 176305. Is c prime?
False
Let y(u) = 13917*u**2 + 3*u + 3. Is y(-1) composite?
True
Let l(c) = c**2 - 4*c. Let o be l(4). Suppose o = -3*n + d + 7299, 4*n - 8*n - 4*d = -9732. Is n prime?
False
Suppose 10 = -s + 6. Let a(j) = 29*j**2 - 8*j - 9. Let o be a(s). Suppose -201 + o = 2*p. Is p prime?
False
Let r = 19 - 16. Suppose -4*t + 388 = -2*t + 5*w, -r*t + 5*w = -607. Is t composite?
False
Suppose l + 3 = 2. Let a be 5/(-1) - -2 - 66/33. Is (114 - a)*l/(-1) composite?
True
Suppose 43*y - 743863 = 2*y. Is y a prime number?
True
Let j = -41695 - -59412. Is j prime?
False
Suppose f - x + 357 = -0*x, -1401 = 4*f + 5*x. Suppose 161*h - 162*h + 743 = 0. Let t = h + f. Is t prime?
True
Let f(s) = 7*s - 5*s + 157 + s. Is f(0) prime?
True
Let c(i) = 18*i**2 - 15*i - 37. Is c(-12) a prime number?
False
Let s = -92324 - -135907. Is s composite?
True
Let u be 4 - (12/(-18))/((-4)/(-6)). Suppose -4*g + 2032 = 2*s - 738, 0 = -u*s - g + 6916. Is s a composite number?
True
Let u = -17129 - -25270. Is u composite?
True
Let v(j) = 2*j + 16. Suppose -r - r = 14. Is v(r) a prime number?
True
Let d(r) be the first derivative of 3*r**2/2 + 263*r + 5. Is d(0) a composite number?
False
Let q be 2*(1 - 0)*2. Suppose 0 = d - q*d + 810. Suppose 2*u + 2*o = 246, 0*u + 2*u = 4*o + d. Is u a composite number?
False
Let w(p) = -p**3 - 16*p**2 - 10*p - 23. Let i(c) = c**2 + c. Let s(j) = 5*i(j) + w(j). Is s(-16) composite?
True
Let w(z) = 5*z**2 + 3*z - 19. Is w(-20) composite?
True
Let s = -55 + 68. Suppose 0 = s*r - 17*r + 5876. Is r prime?
False
Suppose 0 = s - 486 - 11. Let o = -166 + s. Is o a prime number?
True
Let z(l) = 283*l**2 + 38*l + 4. Is z(7) a prime number?
False
Let k(t) = -45*t - 16. Let h be k(-10). Let a = -249 + h. Is a prime?
False
Suppose 5160 = -5*l + 7*l. Suppose 0 = -4*a + 16*a - l. Is a a composite number?
True
Suppose 2*z + 20369 = 3*a, 7*a - a - 40742 = 5*z. Is a prime?
False
Is 1959*259/42*2 composite?
True
Suppose 5*b + 0*b = k - 28, 3*k = b + 56. Is 2/9 + (4 - (-3146)/k) composite?
False
Let l = 1047 + 498. Suppose 10*v - 995 = l. Is v a composite number?
True
Is ((-343836)/252)/((-1)/7) prime?
True
Is (10/(-2) - -9928) + 0 a composite number?
False
Suppose -2152 = 4*n + 460. Let j = 2118 + n. Is j composite?
True
Suppose -22*f - 28062 = -97340. Is f composite?
True
Suppose -2*v - 6*v + 56 = 0. Suppose -5*j - 4333 = -2*g, -2*g - v*j + 6*j + 4363 = 0. Is g a prime number?
True
Suppose 57*u - 42*u - 114735 = 0. Is u a composite number?
False
Let s = 66 - 81. Let k(n) = -n**3 + 5*n**2 - 9*n + 32. Is k(s) a prime number?
False
Suppose 7*c = 4*c, 5*o + 5*c - 8115 = 0. Is o prime?
False
Let r be (-35)/(-14)*16/5. Let x = r + -22. Let z = x - -33. I